or of q and 22?
22
Suppose 14*z + 10*z = 3*z. Let f be (21 + z)/(9*1/6). Calculate the highest common divisor of f and 105.
7
Let i be (-80 + (5 - -12))*-2. Calculate the highest common divisor of 826 and i.
14
Suppose 2*m - 23 = -5*d, 8*d - 4*d + 2*m - 18 = 0. Let c(g) = 42*g - 56. Let o be c(d). Calculate the highest common factor of 7 and o.
7
Let o = 63 - -25. Suppose 5*l - o = 112. Calculate the highest common divisor of 460 and l.
20
Let v be (1/3)/((-3)/54). Let w be (-78)/(-19) - v/(-57). Calculate the greatest common divisor of 4 and w.
4
Let f = -9 + 15. Suppose 5*r - 1025 = 5*k, r - f*r - 5*k + 1065 = 0. Suppose -9*h + 29*h = 220. What is the highest common factor of r and h?
11
Let i be 308/7 + 0 + 1. Suppose 2*x + 2823 = 7*l, -1486 = -4*l - 5*x + 164. What is the greatest common factor of i and l?
45
Let w(f) = -7*f + 8. Let s be w(-35). Let q = s + -244. What is the greatest common factor of q and 81?
9
Suppose -4*p = -r - 7544, 2*p - 12*r = -14*r + 3782. Calculate the greatest common factor of p and 34.
17
Let l be 241 - (-52 + 14)/19. What is the highest common divisor of l and 9?
9
Let v(w) = -6*w + 4. Let b be v(4). Let k(u) = -2*u + 10. Let h be k(b). Suppose 9 = 5*s - 91. Calculate the greatest common divisor of s and h.
10
Let u(v) = 16*v - 19. Let p be u(6). Let h = 102 - p. What is the greatest common divisor of 175 and h?
25
Let s be -177*-3*(-1)/(-9). Let i = -51 + s. Suppose j - 5*c - 28 = 7, 2*c + i = 0. Calculate the greatest common divisor of j and 60.
15
Suppose 129 = m - 51. Let y be 9/(m/16)*-10. Let r be 6*(1 - 36/y). Calculate the highest common factor of 363 and r.
33
Let c(j) = -j**3 - 24*j**2 - 79*j + 24. Let d be c(-20). Suppose 3*i - 679 = -4*p, d*p + 671 = i + 2*i. Calculate the greatest common divisor of i and 50.
25
Let f be ((-17)/((-170)/(-165)))/(3/44). Let c = -186 - f. Calculate the greatest common divisor of 7 and c.
7
Suppose -38 = -s + 7. Let q(m) = m**3 - 16*m**2 - 39*m + 165. Let c be q(0). What is the greatest common divisor of s and c?
15
Let p(c) = 5*c**2 + 161*c + 757. Let y be p(-37). What is the greatest common divisor of y and 94?
47
Suppose 0*f = 3*f + 69. Let c = 41 + f. Suppose 0 = -3*k + 63 - c. What is the greatest common factor of 3 and k?
3
Let m = -6971 - -7471. Calculate the highest common divisor of 28 and m.
4
Let f(g) = -g**3 + 7*g**2 - 11*g + 3. Let i be f(3). Let u be (-1)/i + 4362/36. Calculate the greatest common factor of 55 and u.
11
Suppose v + 12 = 2*v. Let o(l) be the second derivative of 13*l**3/3 - 18*l**2 + 83*l. Let u be o(6). What is the greatest common factor of v and u?
12
Let w be (4 + 0)/(24/234). Let a be ((-182)/(-56))/(1/4). Calculate the greatest common divisor of w and a.
13
Suppose -86*n - 94*n + 276660 = 0. What is the highest common divisor of 29 and n?
29
Let m be 9088/48*84/(-16). Let x be (24/(-14))/(213/m). Suppose 3*g = -3*i + 15, -g = 4*i + 4 - 27. What is the highest common factor of x and i?
2
Let b = -213 + 217. Let w be 4*(0 - (-190)/b). What is the greatest common factor of 10 and w?
10
Let x(r) = -r**2 - 34*r - 55. Let p be x(-23). Suppose -4*c + 1148 = -2*j, -c = -2*j - 95 - p. What is the highest common divisor of 5 and c?
5
Let x(f) = 14*f + 7. Let j be x(-2). Let d = j + 27. Suppose 9*p - 42 = d*p. What is the greatest common divisor of 98 and p?
14
Let f be 2160/630*(-28)/(-16). Calculate the greatest common divisor of f and 16242.
6
Let s be ((-320)/(-200))/((-26)/10 + 3). Suppose -t + 5*r = 2*r - 74, -3*t + 202 = -4*r. Calculate the greatest common divisor of t and s.
2
Let j(y) = 2*y**2 - 3*y + 18. Let i be j(7). What is the highest common factor of 5 and i?
5
Suppose 2710 = 10*p - 6320. What is the greatest common divisor of 21 and p?
21
Suppose 89*j - 1279921 + 30183 = 0. Calculate the highest common divisor of 56 and j.
14
Let q be 1 + 0 + (-38175)/(-90) + (-2)/12. What is the greatest common factor of q and 20?
5
Let a = -15248 + 22421. What is the greatest common divisor of a and 18?
9
Suppose -14*w + 213 = -319. Suppose 0 = 39*z - w*z - 118. Suppose -y + z = -2*r, -r + 113 = y - 2*r. Calculate the greatest common factor of y and 27.
27
Let r(i) = -27*i**2 - 276*i + 4. Let w be r(-9). Calculate the greatest common divisor of w and 387.
43
Let s be 1*-784*(-28)/196. Let w(i) = 8*i + 4. Let g be w(3). What is the highest common factor of s and g?
28
Let v be 0/(-2) - (-5)/((-10)/4). Let d be -4 - (-78 + 8/v). Let y be (d/(-15))/((-8)/20). Calculate the greatest common factor of 52 and y.
13
Let g = 8733 + -8649. Calculate the greatest common divisor of 1320 and g.
12
Let h be ((-21)/49)/((-29085)/(-1323) + -22). Let p = 140 + 697. What is the highest common divisor of p and h?
27
Let w(d) = 3*d**3 - 3*d**2 + 4*d - 3. Let b be w(2). Let j be ((-57)/2)/(b/(-34)). Let q = -49 + j. Calculate the highest common factor of 8 and q.
8
Suppose h - 70 + 32 = 0. Suppose 63 = c + h. Let j = c - 17. Calculate the greatest common factor of 8 and j.
8
Suppose -22*y + 172 = -48. Suppose 16 = 6*r - 2*r. Let a = y + r. Calculate the greatest common divisor of a and 2.
2
Suppose -9*q = -4929 - 3848 - 20383. What is the greatest common divisor of q and 50?
10
Suppose -3*j = -2*x + 575, 0 = x + 5*j - 251 - 43. Suppose 0*n = -3*n - 9, 5*n = p - 49. What is the greatest common factor of p and x?
17
Let r be (-3)/(-6)*(2 - -2). Suppose 10 + 4 = r*d. Suppose 4*k = 2*j + 46, 2*j - d*j - 5 = k. Calculate the highest common factor of 90 and k.
10
Let t(z) = 7*z**3 + 2*z**2 + 2*z - 11. Let o be t(4). Let q = o + -463. What is the highest common factor of 7 and q?
7
Let y(w) = 22*w - 7. Let g be y(6). Suppose -2*m + 95 + 411 = -3*u, -2*u - 1004 = -4*m. Suppose 0*a = -5*a + m. Calculate the highest common divisor of g and a.
25
Let z(n) = -12*n - 162. Let p = -471 + 450. Let x be z(p). Suppose -4*s + s + 54 = 0. What is the greatest common factor of x and s?
18
Let k(v) = -7*v**2 - v - 1. Let h be k(-1). Let j = 7 - h. Let f be ((-1715)/(-14))/((-15)/(-12)). Calculate the highest common factor of f and j.
14
Let a = 372 - 240. Let j = -46 + 79. What is the greatest common factor of a and j?
33
Let a = -1982 + 2126. Calculate the highest common divisor of 936 and a.
72
Suppose 0 = 5377*d - 5385*d + 137304. Calculate the highest common divisor of 9 and d.
9
Let v = 11109 - 9503. Calculate the highest common divisor of v and 88.
22
Let o = 213 - 209. Suppose o*r - 208 = 72. What is the greatest common factor of 910 and r?
70
Let o(z) = -152*z + 10440. Let s be o(35). What is the greatest common factor of 112 and s?
16
Let k be (8/6 - 1)/(19 - (-33554)/(-1767)). Calculate the greatest common divisor of k and 10974.
31
Let l(s) = s**3 - 15*s + 10. Let v be l(-4). Let m(n) = 4*n + 2*n + n + 10. Let j be m(v). Calculate the highest common factor of j and 39.
13
Let g be (-6*(-25)/10 - -5)/((-34)/(-153)). Calculate the greatest common factor of 16830 and g.
90
Let i be 1*2/18*-3*-1956. Suppose 5*m + 3*u - i = 1114, 3*m + 2*u - 1060 = 0. What is the highest common divisor of m and 22?
22
Let w = 287 + -640. Let t = w - -533. What is the greatest common divisor of 36 and t?
36
Let b(h) = 3*h**3 - 29*h**2 - 11*h - 10. Let n be b(13). Calculate the greatest common divisor of 53 and n.
53
Suppose -6478*j = -6463*j - 180. Calculate the highest common divisor of j and 7620.
12
Let j = -2470 - -3301. What is the greatest common factor of j and 9?
3
Let w = 1069 + -494. Let o be 0 - -12 - (684 + -697). Calculate the highest common divisor of w and o.
25
Let q(l) = -21*l - 17. Suppose 0 = 7*t - 3*t - 3*x - 2, 5*t - x = -3. Let w be q(t). What is the highest common divisor of 8 and w?
4
Let c(j) = -35*j - 13. Suppose -3*y + h - 8 = 0, -38*h + 37*h + 2 = 0. Let w be c(y). What is the greatest common divisor of 912 and w?
57
Let w(x) = 75*x**3 - 3*x**2 + 2*x. Let o be w(2). Let c = 4172 - 4164. What is the highest common divisor of c and o?
8
Let n(t) = 6*t**2 + 10*t - 105. Let b be n(6). Calculate the highest common divisor of b and 5472.
171
Suppose -2*c - 2*u + 0*u + 708 = 0, 0 = -2*c - 4*u + 704. Suppose 4*o + t + 44 - c = 0, -4*o - 2*t = -312. What is the highest common factor of 39 and o?
39
Let i = 2224 + -1214. What is the highest common divisor of 30 and i?
10
Le